{"id":354,"date":"2021-03-18T14:59:03","date_gmt":"2021-03-18T13:59:03","guid":{"rendered":"https:\/\/www.roboptic.fr\/?page_id=354"},"modified":"2024-10-10T16:48:16","modified_gmt":"2024-10-10T15:48:16","slug":"solutions","status":"publish","type":"page","link":"https:\/\/www.roboptic.fr\/index.php\/solutions\/","title":{"rendered":"Solutions"},"content":{"rendered":"\t\t<div data-elementor-type=\"wp-page\" data-elementor-id=\"354\" class=\"elementor elementor-354\" data-elementor-settings=\"[]\">\n\t\t\t\t\t\t\t<div class=\"elementor-section-wrap\">\n\t\t\t\t\t\t\t<section class=\"elementor-section elementor-top-section elementor-element elementor-element-f28f136 elementor-section-boxed elementor-section-height-default elementor-section-height-default\" data-id=\"f28f136\" data-element_type=\"section\">\n\t\t\t\t\t\t<div class=\"elementor-container elementor-column-gap-default\">\n\t\t\t\t\t<div class=\"elementor-column elementor-col-100 elementor-top-column elementor-element elementor-element-6c18e6d\" data-id=\"6c18e6d\" data-element_type=\"column\">\n\t\t\t<div class=\"elementor-widget-wrap elementor-element-populated\">\n\t\t\t\t\t\t\t\t<section class=\"elementor-section elementor-inner-section elementor-element elementor-element-67b8816 elementor-section-boxed elementor-section-height-default elementor-section-height-default\" data-id=\"67b8816\" data-element_type=\"section\">\n\t\t\t\t\t\t<div class=\"elementor-container elementor-column-gap-default\">\n\t\t\t\t\t<div class=\"elementor-column elementor-col-50 elementor-inner-column elementor-element elementor-element-a0c976f\" data-id=\"a0c976f\" data-element_type=\"column\">\n\t\t\t<div class=\"elementor-widget-wrap elementor-element-populated\">\n\t\t\t\t\t\t\t\t<div class=\"elementor-element elementor-element-6e12f95 elementor-widget elementor-widget-image\" data-id=\"6e12f95\" data-element_type=\"widget\" data-widget_type=\"image.default\">\n\t\t\t\t<div class=\"elementor-widget-container\">\n\t\t\t\t\t<div class=\"elementor-image\">\n\t\t\t\t\t\t\t\t\t\t<img width=\"1000\" height=\"1000\" src=\"https:\/\/www.roboptic.fr\/wp-content\/uploads\/2024\/10\/Roboptic-fabricant_robot_palettisation_08.jpg\" class=\"attachment-large size-large\" alt=\"\" loading=\"lazy\" srcset=\"https:\/\/www.roboptic.fr\/wp-content\/uploads\/2024\/10\/Roboptic-fabricant_robot_palettisation_08.jpg 1000w, https:\/\/www.roboptic.fr\/wp-content\/uploads\/2024\/10\/Roboptic-fabricant_robot_palettisation_08-300x300.jpg 300w, https:\/\/www.roboptic.fr\/wp-content\/uploads\/2024\/10\/Roboptic-fabricant_robot_palettisation_08-150x150.jpg 150w, https:\/\/www.roboptic.fr\/wp-content\/uploads\/2024\/10\/Roboptic-fabricant_robot_palettisation_08-768x768.jpg 768w, https:\/\/www.roboptic.fr\/wp-content\/uploads\/2024\/10\/Roboptic-fabricant_robot_palettisation_08-800x800.jpg 800w\" sizes=\"(max-width: 1000px) 100vw, 1000px\" \/>\t\t\t\t\t\t\t\t\t\t\t<\/div>\n\t\t\t\t<\/div>\n\t\t\t\t<\/div>\n\t\t\t\t\t<\/div>\n\t\t<\/div>\n\t\t\t\t<div class=\"elementor-column elementor-col-50 elementor-inner-column elementor-element elementor-element-67e9ed4\" data-id=\"67e9ed4\" data-element_type=\"column\">\n\t\t\t<div class=\"elementor-widget-wrap elementor-element-populated\">\n\t\t\t\t\t\t\t\t<div class=\"elementor-element elementor-element-bea5904 elementor-widget elementor-widget-heading\" data-id=\"bea5904\" data-element_type=\"widget\" data-widget_type=\"heading.default\">\n\t\t\t\t<div class=\"elementor-widget-container\">\n\t\t\t<h2 class=\"elementor-heading-title elementor-size-large\">Robot de palettisation h\u00e9t\u00e9rog\u00e8ne<\/h2>\t\t<\/div>\n\t\t\t\t<\/div>\n\t\t\t\t<div class=\"elementor-element elementor-element-5dff4aa elementor-widget elementor-widget-text-editor\" data-id=\"5dff4aa\" data-element_type=\"widget\" data-widget_type=\"text-editor.default\">\n\t\t\t\t<div class=\"elementor-widget-container\">\n\t\t\t\t\t<div class=\"elementor-text-editor elementor-clearfix\"><p><!-- wp:paragraph --><\/p>\n<p><span style=\"color: var( --e-global-color-text ); font-size: 15px;\">Pour les <\/span><strong style=\"color: var( --e-global-color-text ); font-size: 15px;\">e-commer\u00e7ants, les 3PL<\/strong><span style=\"color: var( --e-global-color-text ); font-size: 15px;\"> et les <\/span><strong style=\"color: var( --e-global-color-text ); font-size: 15px;\">retailers<\/strong><span style=\"color: var( --e-global-color-text ); font-size: 15px;\">, la gestion des flux logistiques et la ma\u00eetrise des co\u00fbts de transport sont des enjeux cruciaux. D\u00e9couvrez notre <\/span><strong style=\"color: var( --e-global-color-text ); font-size: 15px;\">robot palettiseur h\u00e9t\u00e9rog\u00e8ne<\/strong><span style=\"color: var( --e-global-color-text ); font-size: 15px;\">, con\u00e7u pour s\u2019interfacer avec vos machines de r\u00e9duction de hauteur, optimiser vos exp\u00e9ditions palettes en r\u00e9duisant significativement vos frais de transport.<\/span><\/p>\n<p><!-- \/wp:paragraph --><!-- wp:paragraph --><\/p>\n<p><!-- \/wp:paragraph --><\/p><\/div>\n\t\t\t\t<\/div>\n\t\t\t\t<\/div>\n\t\t\t\t<div class=\"elementor-element elementor-element-b95defa elementor-align-center elementor-widget elementor-widget-button\" data-id=\"b95defa\" data-element_type=\"widget\" data-widget_type=\"button.default\">\n\t\t\t\t<div class=\"elementor-widget-container\">\n\t\t\t\t\t<div class=\"elementor-button-wrapper\">\n\t\t\t<a href=\"https:\/\/www.roboptic.fr\/index.php\/produits\/fabricant-de-robot-de-palettisation-heterogene\/\" class=\"elementor-button-link elementor-button elementor-size-sm\" role=\"button\">\n\t\t\t\t\t\t<span class=\"elementor-button-content-wrapper\">\n\t\t\t\t\t\t<span class=\"elementor-button-text\">D\u00e9couvrir la solution<\/span>\n\t\t<\/span>\n\t\t\t\t\t<\/a>\n\t\t<\/div>\n\t\t\t\t<\/div>\n\t\t\t\t<\/div>\n\t\t\t\t\t<\/div>\n\t\t<\/div>\n\t\t\t\t\t\t\t<\/div>\n\t\t<\/section>\n\t\t\t\t\t<\/div>\n\t\t<\/div>\n\t\t\t\t\t\t\t<\/div>\n\t\t<\/section>\n\t\t\t\t<section class=\"elementor-section elementor-top-section elementor-element elementor-element-af11e16 elementor-section-boxed elementor-section-height-default elementor-section-height-default\" data-id=\"af11e16\" data-element_type=\"section\">\n\t\t\t\t\t\t<div class=\"elementor-container elementor-column-gap-default\">\n\t\t\t\t\t<div class=\"elementor-column elementor-col-100 elementor-top-column elementor-element elementor-element-2d6de54\" data-id=\"2d6de54\" data-element_type=\"column\">\n\t\t\t<div class=\"elementor-widget-wrap elementor-element-populated\">\n\t\t\t\t\t\t\t\t<section class=\"elementor-section elementor-inner-section elementor-element elementor-element-e8b2b1e elementor-section-boxed elementor-section-height-default elementor-section-height-default\" data-id=\"e8b2b1e\" data-element_type=\"section\">\n\t\t\t\t\t\t<div class=\"elementor-container elementor-column-gap-default\">\n\t\t\t\t\t<div class=\"elementor-column elementor-col-50 elementor-inner-column elementor-element elementor-element-8402ee7\" data-id=\"8402ee7\" data-element_type=\"column\">\n\t\t\t<div class=\"elementor-widget-wrap elementor-element-populated\">\n\t\t\t\t\t\t\t\t<div class=\"elementor-element elementor-element-9f29cd2 elementor-widget elementor-widget-heading\" data-id=\"9f29cd2\" data-element_type=\"widget\" data-widget_type=\"heading.default\">\n\t\t\t\t<div class=\"elementor-widget-container\">\n\t\t\t<h2 class=\"elementor-heading-title elementor-size-large\">Vision industrielle<\/h2>\t\t<\/div>\n\t\t\t\t<\/div>\n\t\t\t\t<div class=\"elementor-element elementor-element-52aba70 elementor-widget elementor-widget-text-editor\" data-id=\"52aba70\" data-element_type=\"widget\" data-widget_type=\"text-editor.default\">\n\t\t\t\t<div class=\"elementor-widget-container\">\n\t\t\t\t\t<div class=\"elementor-text-editor elementor-clearfix\"><p>Experts en\u00a0<strong>vision industrielle<\/strong>, Roboptic vous accompagne \u00e0 chaque \u00e9tape de vos projets\u00a0: de l\u2019\u00e9tude de faisabilit\u00e9 \u00e0 l\u2019int\u00e9gration avec la maintenance. Nos solutions fiables et \u00e9volutives incluent des syst\u00e8mes de vision standard, des cellules robotis\u00e9es pilot\u00e9es par cam\u00e9ras et des postes de vision personnalis\u00e9s pour r\u00e9pondre \u00e0 vos besoins sp\u00e9cifiques.<\/p>\n<p>Optimisez votre production avec pr\u00e9cision, rapidit\u00e9 et efficacit\u00e9 gr\u00e2ce \u00e0 nos technologies innovantes. D\u00e9tection, mesure, guidage, contr\u00f4le et identification :\u00a0<strong>gardez un \u0153il sur chaque \u00e9tape de votre cha\u00eene de production et offrez-vous l\u2019excellence avec Roboptic<\/strong><\/p><\/div>\n\t\t\t\t<\/div>\n\t\t\t\t<\/div>\n\t\t\t\t\t<\/div>\n\t\t<\/div>\n\t\t\t\t<div class=\"elementor-column elementor-col-50 elementor-inner-column elementor-element elementor-element-8d1e8fc\" data-id=\"8d1e8fc\" data-element_type=\"column\">\n\t\t\t<div class=\"elementor-widget-wrap elementor-element-populated\">\n\t\t\t\t\t\t\t\t<div class=\"elementor-element elementor-element-5c4ed90 elementor-arrows-position-inside elementor-pagination-position-outside elementor-widget elementor-widget-image-carousel\" data-id=\"5c4ed90\" data-element_type=\"widget\" data-settings=\"{&quot;slides_to_show&quot;:&quot;1&quot;,&quot;navigation&quot;:&quot;both&quot;,&quot;autoplay&quot;:&quot;yes&quot;,&quot;pause_on_hover&quot;:&quot;yes&quot;,&quot;pause_on_interaction&quot;:&quot;yes&quot;,&quot;autoplay_speed&quot;:5000,&quot;infinite&quot;:&quot;yes&quot;,&quot;effect&quot;:&quot;slide&quot;,&quot;speed&quot;:500}\" data-widget_type=\"image-carousel.default\">\n\t\t\t\t<div class=\"elementor-widget-container\">\n\t\t\t\t\t<div class=\"elementor-image-carousel-wrapper swiper-container\" dir=\"ltr\">\n\t\t\t<div class=\"elementor-image-carousel swiper-wrapper\">\n\t\t\t\t<div class=\"swiper-slide\"><figure class=\"swiper-slide-inner\"><img class=\"swiper-slide-image\" src=\"https:\/\/www.roboptic.fr\/wp-content\/uploads\/2021\/03\/Lecteur.jpg\" alt=\"Lecteur\" \/><\/figure><\/div><div class=\"swiper-slide\"><figure class=\"swiper-slide-inner\"><img class=\"swiper-slide-image\" src=\"https:\/\/www.roboptic.fr\/wp-content\/uploads\/2021\/03\/Automate.jpg\" alt=\"Cam\u00e9ras automates\" \/><\/figure><\/div><div class=\"swiper-slide\"><figure class=\"swiper-slide-inner\"><img class=\"swiper-slide-image\" src=\"https:\/\/www.roboptic.fr\/wp-content\/uploads\/2021\/03\/CIC.jpg\" alt=\"CIC\" \/><\/figure><\/div><div class=\"swiper-slide\"><figure class=\"swiper-slide-inner\"><img class=\"swiper-slide-image\" src=\"https:\/\/www.roboptic.fr\/wp-content\/uploads\/2021\/03\/DS1000.jpg\" alt=\"DS1000\" \/><\/figure><\/div><div class=\"swiper-slide\"><figure class=\"swiper-slide-inner\"><img class=\"swiper-slide-image\" src=\"https:\/\/www.roboptic.fr\/wp-content\/uploads\/2021\/03\/L4000-1.jpg\" alt=\"L4000 (1)\" \/><\/figure><\/div><div class=\"swiper-slide\"><figure class=\"swiper-slide-inner\"><img class=\"swiper-slide-image\" src=\"https:\/\/www.roboptic.fr\/wp-content\/uploads\/2021\/03\/A5000.jpg\" alt=\"A5000\" \/><\/figure><\/div><div class=\"swiper-slide\"><figure class=\"swiper-slide-inner\"><img class=\"swiper-slide-image\" src=\"https:\/\/www.roboptic.fr\/wp-content\/uploads\/2021\/03\/Deep-Learning-vs-Machine-Vision-720x544-869b5ef9-adc3-43fd-9664-fd358eecd2f1.jpg\" alt=\"Deep-Learning-vs-Machine-Vision-720x544-869b5ef9-adc3-43fd-9664-fd358eecd2f1\" \/><\/figure><\/div>\t\t\t<\/div>\n\t\t\t\t\t\t\t\t\t\t\t\t<div class=\"swiper-pagination\"><\/div>\n\t\t\t\t\t\t\t\t\t\t\t\t\t<div class=\"elementor-swiper-button elementor-swiper-button-prev\">\n\t\t\t\t\t\t<i class=\"eicon-chevron-left\" aria-hidden=\"true\"><\/i>\n\t\t\t\t\t\t<span class=\"elementor-screen-only\">Pr\u00e9c\u00e9dent<\/span>\n\t\t\t\t\t<\/div>\n\t\t\t\t\t<div class=\"elementor-swiper-button elementor-swiper-button-next\">\n\t\t\t\t\t\t<i class=\"eicon-chevron-right\" aria-hidden=\"true\"><\/i>\n\t\t\t\t\t\t<span class=\"elementor-screen-only\">Suivant<\/span>\n\t\t\t\t\t<\/div>\n\t\t\t\t\t\t\t\t\t<\/div>\n\t\t\t\t<\/div>\n\t\t\t\t<\/div>\n\t\t\t\t\t<\/div>\n\t\t<\/div>\n\t\t\t\t\t\t\t<\/div>\n\t\t<\/section>\n\t\t\t\t<div class=\"elementor-element elementor-element-64cb648 elementor-widget elementor-widget-heading\" data-id=\"64cb648\" data-element_type=\"widget\" data-widget_type=\"heading.default\">\n\t\t\t\t<div class=\"elementor-widget-container\">\n\t\t\t<h3 class=\"elementor-heading-title elementor-size-medium\">Types de cam\u00e9ras utilis\u00e9es<\/h3>\t\t<\/div>\n\t\t\t\t<\/div>\n\t\t\t\t<div class=\"elementor-element elementor-element-0abc93a elementor-widget elementor-widget-text-editor\" data-id=\"0abc93a\" data-element_type=\"widget\" data-widget_type=\"text-editor.default\">\n\t\t\t\t<div class=\"elementor-widget-container\">\n\t\t\t\t\t<div class=\"elementor-text-editor elementor-clearfix\"><ul>\n<li>Lecteurs de code 1D \/ 2D<\/li>\n<li>cam\u00e9ras automates<\/li>\n<li>cam\u00e9ras base PC<\/li>\n<li>Profilom\u00e8tres 2D<\/li>\n<li>Profilom\u00e8tres avec reconstruction 3D<\/li>\n<li>Cam\u00e9ra 3D<\/li>\n<li>Deep learning<\/li>\n<li>Cam\u00e9ras lin\u00e9aires<\/li>\n<li>Cam\u00e9ras thermiques<\/li>\n<li>Cam\u00e9ras haute vitesse<\/li>\n<li>Cam\u00e9ras haute r\u00e9solution<\/li>\n<li>Cam\u00e9ras SWIR<\/li>\n<li>Capteurs<\/li>\n<\/ul><\/div>\n\t\t\t\t<\/div>\n\t\t\t\t<\/div>\n\t\t\t\t\t<\/div>\n\t\t<\/div>\n\t\t\t\t\t\t\t<\/div>\n\t\t<\/section>\n\t\t\t\t<section class=\"elementor-section elementor-top-section elementor-element elementor-element-0ba5bcb elementor-section-boxed elementor-section-height-default elementor-section-height-default\" data-id=\"0ba5bcb\" data-element_type=\"section\">\n\t\t\t\t\t\t<div class=\"elementor-container elementor-column-gap-default\">\n\t\t\t\t\t<div class=\"elementor-column elementor-col-100 elementor-top-column elementor-element elementor-element-738ab58\" data-id=\"738ab58\" data-element_type=\"column\">\n\t\t\t<div class=\"elementor-widget-wrap elementor-element-populated\">\n\t\t\t\t\t\t\t\t<div class=\"elementor-element elementor-element-2f95aa3 elementor-widget elementor-widget-spacer\" data-id=\"2f95aa3\" data-element_type=\"widget\" data-widget_type=\"spacer.default\">\n\t\t\t\t<div class=\"elementor-widget-container\">\n\t\t\t\t\t<div class=\"elementor-spacer\">\n\t\t\t<div class=\"elementor-spacer-inner\"><\/div>\n\t\t<\/div>\n\t\t\t\t<\/div>\n\t\t\t\t<\/div>\n\t\t\t\t<section class=\"elementor-section elementor-inner-section elementor-element elementor-element-f9283a8 elementor-section-boxed elementor-section-height-default elementor-section-height-default\" data-id=\"f9283a8\" data-element_type=\"section\">\n\t\t\t\t\t\t<div class=\"elementor-container elementor-column-gap-default\">\n\t\t\t\t\t<div class=\"elementor-column elementor-col-50 elementor-inner-column elementor-element elementor-element-77c7e3d\" data-id=\"77c7e3d\" data-element_type=\"column\">\n\t\t\t<div class=\"elementor-widget-wrap elementor-element-populated\">\n\t\t\t\t\t\t\t\t<div class=\"elementor-element elementor-element-cbdf8c4 elementor-arrows-position-inside elementor-pagination-position-outside elementor-widget elementor-widget-image-carousel\" data-id=\"cbdf8c4\" data-element_type=\"widget\" data-settings=\"{&quot;slides_to_show&quot;:&quot;1&quot;,&quot;navigation&quot;:&quot;both&quot;,&quot;autoplay&quot;:&quot;yes&quot;,&quot;pause_on_hover&quot;:&quot;yes&quot;,&quot;pause_on_interaction&quot;:&quot;yes&quot;,&quot;autoplay_speed&quot;:5000,&quot;infinite&quot;:&quot;yes&quot;,&quot;effect&quot;:&quot;slide&quot;,&quot;speed&quot;:500}\" data-widget_type=\"image-carousel.default\">\n\t\t\t\t<div class=\"elementor-widget-container\">\n\t\t\t\t\t<div class=\"elementor-image-carousel-wrapper swiper-container\" dir=\"ltr\">\n\t\t\t<div class=\"elementor-image-carousel swiper-wrapper\">\n\t\t\t\t<div class=\"swiper-slide\"><figure class=\"swiper-slide-inner\"><img class=\"swiper-slide-image\" src=\"https:\/\/www.roboptic.fr\/wp-content\/uploads\/2021\/03\/Fanuc-e1728573673968.png\" alt=\"Roboptic-solutions-robotisees-processing\" \/><\/figure><\/div><div class=\"swiper-slide\"><figure class=\"swiper-slide-inner\"><img class=\"swiper-slide-image\" src=\"https:\/\/www.roboptic.fr\/wp-content\/uploads\/2021\/03\/UR-e1728573936240.jpg\" alt=\"Roboptic-solutions-robotisees-manipulation\" \/><\/figure><\/div><div class=\"swiper-slide\"><figure class=\"swiper-slide-inner\"><img class=\"swiper-slide-image\" src=\"https:\/\/www.roboptic.fr\/wp-content\/uploads\/2021\/03\/carte-768x576.jpg\" alt=\"Roboptic-solutions-robotisees-carte\" \/><\/figure><\/div><div class=\"swiper-slide\"><figure class=\"swiper-slide-inner\"><img class=\"swiper-slide-image\" src=\"https:\/\/www.roboptic.fr\/wp-content\/uploads\/2021\/03\/abb_mobile-768x497.jpg\" alt=\"Roboptic-solutions-robotisees\" \/><\/figure><\/div><div class=\"swiper-slide\"><figure class=\"swiper-slide-inner\"><img class=\"swiper-slide-image\" src=\"https:\/\/www.roboptic.fr\/wp-content\/uploads\/2021\/03\/preehenseur-v2-e1728573985453-768x766.png\" alt=\"Roboptic-solutions-robotisees-pr\u00e9ehenseur v2\" \/><\/figure><\/div>\t\t\t<\/div>\n\t\t\t\t\t\t\t\t\t\t\t\t<div class=\"swiper-pagination\"><\/div>\n\t\t\t\t\t\t\t\t\t\t\t\t\t<div class=\"elementor-swiper-button elementor-swiper-button-prev\">\n\t\t\t\t\t\t<i class=\"eicon-chevron-left\" aria-hidden=\"true\"><\/i>\n\t\t\t\t\t\t<span class=\"elementor-screen-only\">Pr\u00e9c\u00e9dent<\/span>\n\t\t\t\t\t<\/div>\n\t\t\t\t\t<div class=\"elementor-swiper-button elementor-swiper-button-next\">\n\t\t\t\t\t\t<i class=\"eicon-chevron-right\" aria-hidden=\"true\"><\/i>\n\t\t\t\t\t\t<span class=\"elementor-screen-only\">Suivant<\/span>\n\t\t\t\t\t<\/div>\n\t\t\t\t\t\t\t\t\t<\/div>\n\t\t\t\t<\/div>\n\t\t\t\t<\/div>\n\t\t\t\t\t<\/div>\n\t\t<\/div>\n\t\t\t\t<div class=\"elementor-column elementor-col-50 elementor-inner-column elementor-element elementor-element-0667ef1\" data-id=\"0667ef1\" data-element_type=\"column\">\n\t\t\t<div class=\"elementor-widget-wrap elementor-element-populated\">\n\t\t\t\t\t\t\t\t<div class=\"elementor-element elementor-element-7e1c4ea elementor-widget elementor-widget-heading\" data-id=\"7e1c4ea\" data-element_type=\"widget\" data-widget_type=\"heading.default\">\n\t\t\t\t<div class=\"elementor-widget-container\">\n\t\t\t<h2 class=\"elementor-heading-title elementor-size-large\">Solutions robotis\u00e9es<\/h2>\t\t<\/div>\n\t\t\t\t<\/div>\n\t\t\t\t<div class=\"elementor-element elementor-element-fe2d2fa elementor-widget elementor-widget-text-editor\" data-id=\"fe2d2fa\" data-element_type=\"widget\" data-widget_type=\"text-editor.default\">\n\t\t\t\t<div class=\"elementor-widget-container\">\n\t\t\t\t\t<div class=\"elementor-text-editor elementor-clearfix\"><h2>En tant qu\u2019<strong>int\u00e9grateur de solutions robotis\u00e9es<\/strong>, nous proposons des solutions sur-mesure pour optimiser votre productivit\u00e9, r\u00e9duire vos co\u00fbts et am\u00e9liorer le contr\u00f4le de vos processus.\u00a0<\/h2>\n<h2>Con\u00e7us pour\u00a0<strong>collaborer, manipuler, et assister,\u00a0<\/strong>nos robots industriels deviennent vos partenaires de production.<\/h2>\n<h2>R\u00e9volutionnez vos lignes de production gr\u00e2ce \u00e0 nos solutions robotiques innovantes, int\u00e9grant l\u2019intelligence artificielle pour une performance optimale. Nous travaillons avec les leaders du march\u00e9 tels que FANUC, ABB et KUKA, et adaptons nos int\u00e9grations \u00e0 vos besoins sp\u00e9cifiques pour une automatisation sur mesure.<\/h2><\/div>\n\t\t\t\t<\/div>\n\t\t\t\t<\/div>\n\t\t\t\t\t<\/div>\n\t\t<\/div>\n\t\t\t\t\t\t\t<\/div>\n\t\t<\/section>\n\t\t\t\t<div class=\"elementor-element elementor-element-30dee0c elementor-widget elementor-widget-text-editor\" data-id=\"30dee0c\" data-element_type=\"widget\" data-widget_type=\"text-editor.default\">\n\t\t\t\t<div class=\"elementor-widget-container\">\n\t\t\t\t\t<div class=\"elementor-text-editor elementor-clearfix\"><ul><li>Robots de manipulation<\/li><li>Robots de process<\/li><li>Robots industriels<\/li><li>Robots collaboratifs<\/li><li>Robots mobiles<\/li><li>Conception de pr\u00e9henseurs<\/li><li>conception de cartes \u00e9lectroniques<\/li><\/ul><\/div>\n\t\t\t\t<\/div>\n\t\t\t\t<\/div>\n\t\t\t\t\t<\/div>\n\t\t<\/div>\n\t\t\t\t\t\t\t<\/div>\n\t\t<\/section>\n\t\t\t\t<section class=\"elementor-section elementor-top-section elementor-element elementor-element-fd1e587 elementor-section-boxed elementor-section-height-default elementor-section-height-default\" data-id=\"fd1e587\" data-element_type=\"section\">\n\t\t\t\t\t\t<div class=\"elementor-container elementor-column-gap-default\">\n\t\t\t\t\t<div class=\"elementor-column elementor-col-100 elementor-top-column elementor-element elementor-element-b4f0dcb\" data-id=\"b4f0dcb\" data-element_type=\"column\">\n\t\t\t<div class=\"elementor-widget-wrap elementor-element-populated\">\n\t\t\t\t\t\t\t\t<div class=\"elementor-element elementor-element-5fced08 elementor-widget elementor-widget-spacer\" data-id=\"5fced08\" data-element_type=\"widget\" data-widget_type=\"spacer.default\">\n\t\t\t\t<div class=\"elementor-widget-container\">\n\t\t\t\t\t<div class=\"elementor-spacer\">\n\t\t\t<div class=\"elementor-spacer-inner\"><\/div>\n\t\t<\/div>\n\t\t\t\t<\/div>\n\t\t\t\t<\/div>\n\t\t\t\t<div class=\"elementor-element elementor-element-3bee28e elementor-widget elementor-widget-heading\" data-id=\"3bee28e\" data-element_type=\"widget\" data-widget_type=\"heading.default\">\n\t\t\t\t<div class=\"elementor-widget-container\">\n\t\t\t<h2 class=\"elementor-heading-title elementor-size-xl\">Optimisez d\u00e8s maintenant votre production avec nos solutions<\/h2>\t\t<\/div>\n\t\t\t\t<\/div>\n\t\t\t\t\t<\/div>\n\t\t<\/div>\n\t\t\t\t\t\t\t<\/div>\n\t\t<\/section>\n\t\t\t\t<section class=\"elementor-section elementor-top-section elementor-element elementor-element-0e85af0 elementor-section-boxed elementor-section-height-default elementor-section-height-default\" data-id=\"0e85af0\" data-element_type=\"section\">\n\t\t\t\t\t\t<div class=\"elementor-container elementor-column-gap-default\">\n\t\t\t\t\t<div class=\"elementor-column elementor-col-100 elementor-top-column elementor-element elementor-element-52b968c\" data-id=\"52b968c\" data-element_type=\"column\">\n\t\t\t<div class=\"elementor-widget-wrap elementor-element-populated\">\n\t\t\t\t\t\t\t\t<div class=\"elementor-element elementor-element-5f7c9c0 elementor-align-center elementor-widget elementor-widget-button\" data-id=\"5f7c9c0\" data-element_type=\"widget\" data-widget_type=\"button.default\">\n\t\t\t\t<div class=\"elementor-widget-container\">\n\t\t\t\t\t<div class=\"elementor-button-wrapper\">\n\t\t\t<a href=\"mailto:contact@roboptic.fr\" class=\"elementor-button-link elementor-button elementor-size-md\" role=\"button\">\n\t\t\t\t\t\t<span class=\"elementor-button-content-wrapper\">\n\t\t\t\t\t\t<span class=\"elementor-button-text\">Contactez-nous <\/span>\n\t\t<\/span>\n\t\t\t\t\t<\/a>\n\t\t<\/div>\n\t\t\t\t<\/div>\n\t\t\t\t<\/div>\n\t\t\t\t\t<\/div>\n\t\t<\/div>\n\t\t\t\t\t\t\t<\/div>\n\t\t<\/section>\n\t\t\t\t\t\t<\/div>\n\t\t\t\t\t<\/div>\n\t\t","protected":false},"excerpt":{"rendered":"<p>Robot de palettisation h\u00e9t\u00e9rog\u00e8ne Pour les e-commer\u00e7ants, les 3PL et les retailers, la gestion des flux logistiques et la ma\u00eetrise des co\u00fbts de transport sont des enjeux cruciaux. D\u00e9couvrez notre robot palettiseur h\u00e9t\u00e9rog\u00e8ne, con\u00e7u pour s\u2019interfacer avec vos machines de r\u00e9duction de hauteur, optimiser vos exp\u00e9ditions palettes en r\u00e9duisant significativement vos frais de transport. D\u00e9couvrir la solution Vision industrielle Experts en\u00a0vision industrielle, Roboptic vous accompagne \u00e0 chaque \u00e9tape de vos\u2026<\/p>\n","protected":false},"author":2,"featured_media":0,"parent":0,"menu_order":0,"comment_status":"closed","ping_status":"closed","template":"","meta":[],"_links":{"self":[{"href":"https:\/\/www.roboptic.fr\/index.php\/wp-json\/wp\/v2\/pages\/354"}],"collection":[{"href":"https:\/\/www.roboptic.fr\/index.php\/wp-json\/wp\/v2\/pages"}],"about":[{"href":"https:\/\/www.roboptic.fr\/index.php\/wp-json\/wp\/v2\/types\/page"}],"author":[{"embeddable":true,"href":"https:\/\/www.roboptic.fr\/index.php\/wp-json\/wp\/v2\/users\/2"}],"replies":[{"embeddable":true,"href":"https:\/\/www.roboptic.fr\/index.php\/wp-json\/wp\/v2\/comments?post=354"}],"version-history":[{"count":69,"href":"https:\/\/www.roboptic.fr\/index.php\/wp-json\/wp\/v2\/pages\/354\/revisions"}],"predecessor-version":[{"id":1259,"href":"https:\/\/www.roboptic.fr\/index.php\/wp-json\/wp\/v2\/pages\/354\/revisions\/1259"}],"wp:attachment":[{"href":"https:\/\/www.roboptic.fr\/index.php\/wp-json\/wp\/v2\/media?parent=354"}],"curies":[{"name":"wp","href":"https:\/\/api.w.org\/{rel}","templated":true}]}}